{"id":382,"date":"2018-08-21T23:44:03","date_gmt":"2018-08-21T21:44:03","guid":{"rendered":"http:\/\/bluebird-design.de\/?page_id=382"},"modified":"2018-08-23T14:19:05","modified_gmt":"2018-08-23T12:19:05","slug":"home","status":"publish","type":"page","link":"https:\/\/bluebird-design.de\/?page_id=382","title":{"rendered":"Leistungen"},"content":{"rendered":"<p><strong>Pers\u00f6nliche Beratung<\/strong><br \/>\nNeben der fachlichen Kompetenz \u00fcberzeugt Bluebird Design auch durch Qualit\u00e4t, Kreativit\u00e4t und Vielfalt. Die Kommunikation im Team und die W\u00fcnsche und Ideen meiner Kunden stehen f\u00fcr mich an erster Stelle.<\/p>\n<p>&nbsp;<\/p>\n<p><strong>Grafikdesign<\/strong><\/p>\n<ul>\n<li>Ideenentwicklung<\/li>\n<li>Gestaltungskonzept in allen Printmedien<\/li>\n<li>Logogestaltung<\/li>\n<li>Gestaltung und Umsetzung von Flyern, Visitenkarten, Br\u00f6sch\u00fcren u.v.m<\/li>\n<li>DVD Design<\/li>\n<li>Beratung in Materialauswahl<\/li>\n<li>Weiterleitung der Druckauftr\u00e4ge<\/li>\n<\/ul>\n<p>&nbsp;<\/p>\n<p><strong>Postproduktion<\/strong><\/p>\n<ul>\n<li>Koordination und \u00dcberwachung der Postproduktion<\/li>\n<li>Planung von Schnitt, Sprachaufnahme und Animationen<\/li>\n<li>Ablaufkoordination, Planung des Workflows<\/li>\n<li>Qualit\u00e4tssicherung und Datenmanagement am Set<\/li>\n<li>Abstimmen von Datenstrukturen\/Datenmanagement<\/li>\n<li>Weiterverarbeiten der Kameradaten nach Absprache mit Kameramann und Postproduktion<\/li>\n<li>Technische Nachbearbeitungen von Timelapse und Flugaufnahmen<\/li>\n<li>Schnittassistenz<\/li>\n<\/ul>\n<p>&nbsp;<\/p>\n<p><strong>Motion Design<\/strong><\/p>\n<ul>\n<li>Gestaltung von DVD Men\u00fcs<\/li>\n<li>Visuelle Gestaltung von Vorsp\u00e4nnen, Titeln und Absp\u00e4nnen<\/li>\n<li>Audiovisuelle Gestaltung durch Typografie und Grafik-Design<\/li>\n<li>Grafischer Untermalung in Trailern<\/li>\n<li>Entwicklung und Definition medien\u00fcbergreifender Kommunikationstrategien<\/li>\n<\/ul>\n","protected":false},"excerpt":{"rendered":"<p>Pers\u00f6nliche Beratung Neben der fachlichen Kompetenz \u00fcberzeugt Bluebird Design auch durch Qualit\u00e4t, Kreativit\u00e4t und Vielfalt. Die Kommunikation im Team und die W\u00fcnsche und Ideen meiner Kunden stehen f\u00fcr mich an erster Stelle. &nbsp; Grafikdesign Ideenentwicklung Gestaltungskonzept in allen Printmedien Logogestaltung Gestaltung und Umsetzung von Flyern, Visitenkarten, Br\u00f6sch\u00fcren u.v.m DVD Design Beratung in Materialauswahl Weiterleitung der<\/p>\n<p><a href=\"https:\/\/bluebird-design.de\/?page_id=382\" class=\"more-link\">Weiterlesen<\/a><\/p>\n","protected":false},"author":1,"featured_media":0,"parent":0,"menu_order":0,"comment_status":"closed","ping_status":"closed","template":"template\/template-about.php","meta":{"footnotes":""},"class_list":["post-382","page","type-page","status-publish","hentry"],"_links":{"self":[{"href":"https:\/\/bluebird-design.de\/index.php?rest_route=\/wp\/v2\/pages\/382","targetHints":{"allow":["GET"]}}],"collection":[{"href":"https:\/\/bluebird-design.de\/index.php?rest_route=\/wp\/v2\/pages"}],"about":[{"href":"https:\/\/bluebird-design.de\/index.php?rest_route=\/wp\/v2\/types\/page"}],"author":[{"embeddable":true,"href":"https:\/\/bluebird-design.de\/index.php?rest_route=\/wp\/v2\/users\/1"}],"replies":[{"embeddable":true,"href":"https:\/\/bluebird-design.de\/index.php?rest_route=%2Fwp%2Fv2%2Fcomments&post=382"}],"version-history":[{"count":3,"href":"https:\/\/bluebird-design.de\/index.php?rest_route=\/wp\/v2\/pages\/382\/revisions"}],"predecessor-version":[{"id":391,"href":"https:\/\/bluebird-design.de\/index.php?rest_route=\/wp\/v2\/pages\/382\/revisions\/391"}],"wp:attachment":[{"href":"https:\/\/bluebird-design.de\/index.php?rest_route=%2Fwp%2Fv2%2Fmedia&parent=382"}],"curies":[{"name":"wp","href":"https:\/\/api.w.org\/{rel}","templated":true}]}}