{"id":353,"date":"2018-08-21T16:35:45","date_gmt":"2018-08-21T14:35:45","guid":{"rendered":"http:\/\/bluebird-design.de\/?page_id=353"},"modified":"2018-08-21T23:54:46","modified_gmt":"2018-08-21T21:54:46","slug":"impressum-datenschutz","status":"publish","type":"page","link":"https:\/\/bluebird-design.de\/?page_id=353","title":{"rendered":"Impressum\/Datenschutz"},"content":{"rendered":"<p style=\"text-align: center;\"><strong>Impressum<\/strong><br \/>\nAngaben gem\u00e4\u00df \u00a7 5 TMG<br \/>\nBluebird Design Mona Haffner\u00a0 &#8211; Saarstr. 75 &#8211;\u00a0 69151 Neckargem\u00fcnd<br \/>\nKontakt:<br \/>\nTel +49 (0) 6223-7299561 Fax +49 (0) 6223-7299567 Mobil +49 (0) 176-23960975<br \/>\nUmsatzsteuer-ID<br \/>\nSteuernummer: 32343\/30514 USt &#8211; IdNr.: DE 285559195<br \/>\n\u00a9 Bluebird Design I Mona Haffner<\/p>\n<p style=\"text-align: center;\"><strong>Haftungsausschluss:<\/strong><br \/>\nHaftung f\u00fcr Inhalte<br \/>\nDie Inhalte unserer Seiten wurden mit gr\u00f6\u00dfter Sorgfalt erstellt. F\u00fcr die Richtigkeit, Vollst\u00e4ndigkeit und Aktualit\u00e4t der Inhalte k\u00f6nnen wir jedoch keine Gew\u00e4hr \u00fcbernehmen. Als Diensteanbieter sind wir gem\u00e4\u00df \u00a7 7 Abs.1 TMG f\u00fcr eigene Inhalte auf diesen Seiten nach den allgemeinen Gesetzen verantwortlich. Nach \u00a7\u00a7 8 bis 10 TMG sind wir als Diensteanbieter jedoch nicht verpflichtet, \u00fcbermittelte oder gespeicherte fremde Informationen zu \u00fcberwachen oder nach Umst\u00e4nden zu forschen, die auf eine rechtswidrige T\u00e4tigkeit hinweisen. Verpflichtungen zur Entfernung oder Sperrung der Nutzung von Informationen nach den allgemeinen Gesetzen bleiben hiervon unber\u00fchrt. Eine diesbez\u00fcgliche Haftung ist jedoch erst ab dem Zeitpunkt der Kenntnis einer konkreten Rechtsverletzung m\u00f6glich. Bei Bekanntwerden von entsprechenden Rechtsverletzungen werden wir diese Inhalte umgehend entfernen. Haftung f\u00fcr Links Unser Angebot enth\u00e4lt Links zu externen Webseiten Dritter, auf deren Inhalte wir keinen Einfluss haben. Deshalb k\u00f6nnen wir f\u00fcr diese fremden Inhalte auch keine Gew\u00e4hr \u00fcbernehmen. F\u00fcr die Inhalte der verlinkten Seiten ist stets der jeweilige Anbieter oder Betreiber der Seiten verantwortlich. Die verlinkten Seiten wurden zum Zeitpunkt der Verlinkung auf m\u00f6gliche Rechtsverst\u00f6\u00dfe \u00fcberpr\u00fcft. Rechtswidrige Inhalte waren zum Zeitpunkt der Verlinkung nicht erkennbar. Eine permanente inhaltliche Kontrolle der verlinkten Seiten ist jedoch ohne konkrete Anhaltspunkte einer Rechtsverletzung nicht zumutbar. Bei Bekanntwerden von Rechtsverletzungen werden wir derartige Links umgehend entfernen. Urheberrecht Die durch die Seitenbetreiber erstellten Inhalte und Werke auf diesen Seiten unterliegen dem deutschen Urheberrecht. Die Vervielf\u00e4ltigung, Bearbeitung, Verbreitung und jede Art der Verwertung au\u00dferhalb der Grenzen des Urheberrechtes bed\u00fcrfen der schriftlichen Zustimmung des jeweiligen Autors bzw. Erstellers. Downloads und Kopien dieser Seite sind nur f\u00fcr den privaten, nicht kommerziellen Gebrauch gestattet. Soweit die Inhalte auf dieser Seite nicht vom Betreiber erstellt wurden, werden die Urheberrechte Dritter beachtet. Insbesondere werden Inhalte Dritter als solche gekennzeichnet. Sollten Sie trotzdem auf eine Urheberrechtsverletzung aufmerksam werden, bitten wir um einen entsprechenden Hinweis. Bei Bekanntwerden von Rechtsverletzungen werden wir derartige Inhalte umgehend entfernen.<\/p>\n<p>&nbsp;<\/p>\n<p style=\"text-align: center;\"><span style=\"color: #999999;\"><strong>Datenschutzerkl\u00e4rung<\/strong><\/span><br \/>\n<span style=\"color: #999999;\">Verantwortliche Stelle im Sinne der Datenschutzgesetze, insbesondere der EU-Datenschutzgrundverordnung (DSGVO), ist:<\/span><br \/>\n<span style=\"color: #999999;\">Bluebird Design \u2028Mona Haffner \u2028Saarstr. 75 \u202869151 Neckargem\u00fcnd<\/span><br \/>\n<span style=\"color: #999999;\"><strong>Ihre Betroffenenrechte<\/strong><\/span><br \/>\n<span style=\"color: #999999;\">Unter den angegebenen Kontaktdaten unseres Datenschutzbeauftragten k\u00f6nnen Sie jederzeit folgende Rechte aus\u00fcben:<\/span><br \/>\n<span style=\"color: #999999;\">Auskunft \u00fcber Ihre bei uns gespeicherten Daten und deren Verarbeitung (Art. 15 DSGVO),<\/span><br \/>\n<span style=\"color: #999999;\">Berichtigung unrichtiger personenbezogener Daten (Art. 16 DSGVO),<\/span><br \/>\n<span style=\"color: #999999;\">L\u00f6schung Ihrer bei uns gespeicherten Daten (Art. 17 DSGVO),<\/span><br \/>\n<span style=\"color: #999999;\">Einschr\u00e4nkung der Datenverarbeitung, sofern wir Ihre Daten aufgrund gesetzlicher Pflichten noch nicht l\u00f6schen d\u00fcrfen (Art. 18 DSGVO),<\/span><br \/>\n<span style=\"color: #999999;\">Widerspruch gegen die Verarbeitung Ihrer Daten bei uns (Art. 21 DSGVO) und<\/span><br \/>\n<span style=\"color: #999999;\">Daten\u00fcbertragbarkeit, sofern Sie in die Datenverarbeitung eingewilligt haben oder einen Vertrag mit uns abgeschlossen haben (Art. 20 DSGVO).<\/span><br \/>\n<span style=\"color: #999999;\">Sofern Sie uns eine Einwilligung erteilt haben, k\u00f6nnen Sie diese jederzeit mit Wirkung f\u00fcr die Zukunft widerrufen.<\/span><br \/>\n<span style=\"color: #999999;\">Sie k\u00f6nnen sich jederzeit mit einer Beschwerde an eine Aufsichtsbeh\u00f6rde wenden, z. B. an die zust\u00e4ndige Aufsichtsbeh\u00f6rde des Bundeslands Ihres Wohnsitzes oder an die f\u00fcr uns als verantwortliche Stelle zust\u00e4ndige Beh\u00f6rde.<\/span><br \/>\n<span style=\"color: #999999;\">Eine Liste der Aufsichtsbeh\u00f6rden (f\u00fcr den nicht\u00f6ffentlichen Bereich) mit Anschrift finden Sie unter: https:\/\/www.bfdi.bund.de\/DE\/Infothek\/Anschriften_Links\/anschriften_links-node.html.<\/span><br \/>\n<span style=\"color: #999999;\"><strong>Kontaktformular<\/strong><\/span><br \/>\n<span style=\"color: #999999;\">Art und Zweck der Verarbeitung:<\/span><br \/>\n<span style=\"color: #999999;\">Die von Ihnen eingegebenen Daten werden zum Zweck der individuellen Kommunikation mit Ihnen gespeichert. Hierf\u00fcr ist die Angabe einer validen E-Mail-Adresse sowie Ihres Namens erforderlich. Diese dient der Zuordnung der Anfrage und der anschlie\u00dfenden Beantwortung derselben. Die Angabe weiterer Daten ist optional.<\/span><br \/>\n<span style=\"color: #999999;\">Rechtsgrundlage:<\/span><br \/>\n<span style=\"color: #999999;\">Die Verarbeitung der in das Kontaktformular eingegebenen Daten erfolgt auf der Grundlage eines berechtigten Interesses (Art 6 Abs. 1 lit. f DSGVO).<\/span><br \/>\n<span style=\"color: #999999;\">Durch Bereitstellung des Kontaktformulars m\u00f6chten wir Ihnen eine unkomplizierte Kontaktaufnahme erm\u00f6glichen. Ihre gemachten Angaben werden zum Zwecke der Bearbeitung der Anfrage sowie f\u00fcr m\u00f6gliche Anschlussfragen gespeichert.<\/span><br \/>\n<span style=\"color: #999999;\">Sofern Sie mit uns Kontakt aufnehmen, um ein Angebot zu erfragen, erfolgt die Verarbeitung der in das Kontaktformular eingegebenen Daten zur Durchf\u00fchrung vorvertraglicher Ma\u00dfnahmen (Art 6 Abs. 1 lit. b DSGVO).<\/span><br \/>\n<span style=\"color: #999999;\">Empf\u00e4nger:<\/span><br \/>\n<span style=\"color: #999999;\">Empf\u00e4nger der Daten sind ggf. Auftragsverarbeiter.<\/span><br \/>\n<span style=\"color: #999999;\">Speicherdauer:<\/span><br \/>\n<span style=\"color: #999999;\">Daten werden sp\u00e4testens 6 Monate nach Bearbeitung der Anfrage gel\u00f6scht.<\/span><br \/>\n<span style=\"color: #999999;\">Sofern es zu einem Vertragsverh\u00e4ltnis kommt, unterliegen wir den gesetzlichen Aufbewahrungsfristen nach HGB und l\u00f6schen Ihre Daten nach Ablauf dieser Fristen.<\/span><br \/>\n<span style=\"color: #999999;\">Bereitstellung vorgeschrieben oder erforderlich:<\/span><br \/>\n<span style=\"color: #999999;\">Die Bereitstellung Ihrer personenbezogenen Daten erfolgt freiwillig. Wir k\u00f6nnen Ihre Anfrage jedoch nur bearbeiten, sofern Sie uns Ihren Namen, Ihre E-Mail-Adresse und den Grund der Anfrage mitteilen.<\/span><br \/>\n<span style=\"color: #999999;\"><strong>Verwendung von Scriptbibliotheken (Google Webfonts)<\/strong><\/span><br \/>\n<span style=\"color: #999999;\">Art und Zweck der Verarbeitung:<\/span><br \/>\n<span style=\"color: #999999;\">Um unsere Inhalte browser\u00fcbergreifend korrekt und grafisch ansprechend darzustellen, verwenden wir auf dieser Website \u201eGoogle Web Fonts\u201c der Google LLC (1600 Amphitheatre Parkway, Mountain View, CA 94043, USA; nachfolgend \u201eGoogle\u201c) zur Darstellung von Schriften.<\/span><br \/>\n<span style=\"color: #999999;\">Die Datenschutzrichtlinie des Bibliothekbetreibers Google finden Sie hier: https:\/\/www.google.com\/policies\/privacy\/<\/span><br \/>\n<span style=\"color: #999999;\">Rechtsgrundlage:<\/span><br \/>\n<span style=\"color: #999999;\">Rechtsgrundlage f\u00fcr die Einbindung von Google Webfonts und dem damit verbundenen Datentransfer zu Google ist Ihre Einwilligung (Art. 6 Abs. 1 lit. a DSGVO).<\/span><br \/>\n<span style=\"color: #999999;\">Empf\u00e4nger:<\/span><br \/>\n<span style=\"color: #999999;\">Der Aufruf von Scriptbibliotheken oder Schriftbibliotheken l\u00f6st automatisch eine Verbindung zum Betreiber der Bibliothek aus. Dabei ist es theoretisch m\u00f6glich \u2013 aktuell allerdings auch unklar ob und ggf. zu welchen Zwecken \u2013 dass der Betreiber in diesem Fall Google Daten erhebt.<\/span><br \/>\n<span style=\"color: #999999;\">Speicherdauer:<\/span><br \/>\n<span style=\"color: #999999;\">Wir erheben keine personenbezogenen Daten, durch die Einbindung von Google Webfonts.<\/span><br \/>\n<span style=\"color: #999999;\">Weitere Informationen zu Google Web Fonts finden Sie unter https:\/\/developers.google.com\/fonts\/faq und in der Datenschutzerkl\u00e4rung von Google: https:\/\/www.google.com\/policies\/privacy\/.<\/span><br \/>\n<span style=\"color: #999999;\">Drittlandtransfer:<\/span><br \/>\n<span style=\"color: #999999;\">Google verarbeitet Ihre Daten in den USA und hat sich dem EU_US Privacy Shield unterworfen https:\/\/www.privacyshield.gov\/EU-US-Framework.<\/span><br \/>\n<span style=\"color: #999999;\">Bereitstellung vorgeschrieben oder erforderlich:<\/span><br \/>\n<span style=\"color: #999999;\">Die Bereitstellung der personenbezogenen Daten ist weder gesetzlich, noch vertraglich vorgeschrieben. Allerdings kann ohne die korrekte Darstellung der Inhalte von Standardschriften nicht erm\u00f6glicht werden.<\/span><br \/>\n<span style=\"color: #999999;\">Widerruf der Einwilligung:<\/span><br \/>\n<span style=\"color: #999999;\">Zur Darstellung der Inhalte wird regelm\u00e4\u00dfig die Programmiersprache JavaScript verwendet. Sie k\u00f6nnen der Datenverarbeitung daher widersprechen, indem Sie die Ausf\u00fchrung von JavaScript in Ihrem Browser deaktivieren oder einen Einbindung JavaScript-Blocker installieren. Bitte beachten Sie, dass es hierdurch zu Funktionseinschr\u00e4nkungen auf der Website kommen kann.<\/span><br \/>\n<span style=\"color: #999999;\"><strong>Verwendung von Adobe Typekit<\/strong><\/span><br \/>\n<span style=\"color: #999999;\">Art und Zweck der Verarbeitung:<\/span><br \/>\n<span style=\"color: #999999;\">Wir setzen Adobe Typekit zur visuellen Gestaltung unserer Website ein. Typekit ist ein Dienst der Adobe Systems Software Ireland Companies (4-6 Riverwalk, Citywest Business Campus, Dublin 24, Republic of Ireland; nachfolgend \u201eAdobe\u201c), der uns den Zugriff auf eine Schriftartenbibliothek gew\u00e4hrt. Zur Einbindung der von uns benutzten Schriftarten, muss Ihr Browser eine Verbindung zu einem Server von Adobe in den USA aufbauen und die f\u00fcr unsere Website ben\u00f6tigte Schriftart herunterladen. Adobe erh\u00e4lt hierdurch die Information, dass von Ihrer IP-Adresse unsere Website aufgerufen wurde. Weitere Informationen zu Adobe Typekit finden Sie in den Datenschutzhinweisen von Adobe, die Sie hier abrufen k\u00f6nnen: https:\/\/www.adobe.com\/de\/privacy\/policy.html<\/span><br \/>\n<span style=\"color: #999999;\">Rechtsgrundlage:<\/span><br \/>\n<span style=\"color: #999999;\">Rechtsgrundlage f\u00fcr die Einbindung von Adobe Typekit und dem damit verbundenen Datentransfer zu Adobe ist Ihre Einwilligung (Art. 6 Abs. 1 lit. a DSGVO).<\/span><br \/>\n<span style=\"color: #999999;\">Empf\u00e4nger:<\/span><br \/>\n<span style=\"color: #999999;\">Der Aufruf von Scriptbibliotheken oder Schriftbibliotheken l\u00f6st automatisch eine Verbindung zum Betreiber der Bibliothek aus. Informationen \u00fcber die Nutzung Ihrer Daten durch Adobe Typekit Web Fonts Sie unter https:\/\/typekit.com\/ und in der Datenschutzerkl\u00e4rung von Adobe Typekit: https:\/\/www.adobe.com\/de\/privacy\/policies\/typekit.html.<\/span><br \/>\n<span style=\"color: #999999;\">Speicherdauer:<\/span><br \/>\n<span style=\"color: #999999;\">Wir erheben keine personenbezogenen Daten durch die Einbindung von Adobe Typekit Web Fonts.<\/span><br \/>\n<span style=\"color: #999999;\">Drittlandtransfer:<\/span><br \/>\n<span style=\"color: #999999;\">Adobe ist unter dem Privacy-Shield-Abkommen zertifiziert und bietet hierdurch eine Garantie, das europ\u00e4ische Datenschutzrecht einzuhalten (https:\/\/www.privacyshield.gov\/participant?id=a2zt0000000TNo9AAG&amp;status=Active).<\/span><br \/>\n<span style=\"color: #999999;\">Bereitstellung vorgeschrieben oder erforderlich:<\/span><br \/>\n<span style=\"color: #999999;\">Die Bereitstellung der personenbezogenen Daten ist weder gesetzlich, noch vertraglich vorgeschrieben. Allerdings kann ohne die korrekte Darstellung der Inhalte von Standardschriften nicht erm\u00f6glicht werden.<\/span><br \/>\n<span style=\"color: #999999;\"><strong>SSL-Verschl\u00fcsselung<\/strong><\/span><br \/>\n<span style=\"color: #999999;\">Um die Sicherheit Ihrer Daten bei der \u00dcbertragung zu sch\u00fctzen, verwenden wir dem aktuellen Stand der Technik entsprechende Verschl\u00fcsselungsverfahren (z. B. SSL) \u00fcber HTTPS.<\/span><br \/>\n<span style=\"color: #999999;\">\u00c4nderung unserer Datenschutzbestimmungen<\/span><br \/>\n<span style=\"color: #999999;\">Wir behalten uns vor, diese Datenschutzerkl\u00e4rung anzupassen, damit sie stets den aktuellen rechtlichen Anforderungen entspricht oder um \u00c4nderungen unserer Leistungen in der Datenschutzerkl\u00e4rung umzusetzen, z.B. bei der Einf\u00fchrung neuer Services. F\u00fcr Ihren erneuten Besuch gilt dann die neue Datenschutzerkl\u00e4rung.<\/span><br \/>\n<span style=\"color: #999999;\">Fragen an den Datenschutzbeauftragten<\/span><br \/>\n<span style=\"color: #999999;\">Wenn Sie Fragen zum Datenschutz haben, schreiben Sie uns bitte eine E-Mail oder wenden Sie sich direkt an die f\u00fcr den Datenschutz verantwortliche Person in unserer Organisation:<\/span><br \/>\n<span style=\"color: #999999;\">Bluebird Design \u2028Mona Haffner \u2028Saarstr. 75 \u202869151 Neckargem\u00fcnd<\/span><br \/>\n<span style=\"color: #999999;\">Die Datenschutzerkl\u00e4rung wurde mit dem Datenschutzerkl\u00e4rungs-Generator der activeMind AG erstellt (Version 2018-06-22).<\/span><\/p>\n<p>&nbsp;<\/p>\n","protected":false},"excerpt":{"rendered":"<p>Impressum Angaben gem\u00e4\u00df \u00a7 5 TMG Bluebird Design Mona Haffner\u00a0 &#8211; Saarstr. 75 &#8211;\u00a0 69151 Neckargem\u00fcnd Kontakt: Tel +49 (0) 6223-7299561 Fax +49 (0) 6223-7299567 Mobil +49 (0) 176-23960975 Umsatzsteuer-ID Steuernummer: 32343\/30514 USt &#8211; IdNr.: DE 285559195 \u00a9 Bluebird Design I Mona Haffner Haftungsausschluss: Haftung f\u00fcr Inhalte Die Inhalte unserer Seiten wurden mit gr\u00f6\u00dfter Sorgfalt<\/p>\n<p><a href=\"https:\/\/bluebird-design.de\/?page_id=353\" class=\"more-link\">Weiterlesen<\/a><\/p>\n","protected":false},"author":1,"featured_media":0,"parent":0,"menu_order":0,"comment_status":"closed","ping_status":"closed","template":"","meta":{"footnotes":""},"class_list":["post-353","page","type-page","status-publish","hentry"],"_links":{"self":[{"href":"https:\/\/bluebird-design.de\/index.php?rest_route=\/wp\/v2\/pages\/353","targetHints":{"allow":["GET"]}}],"collection":[{"href":"https:\/\/bluebird-design.de\/index.php?rest_route=\/wp\/v2\/pages"}],"about":[{"href":"https:\/\/bluebird-design.de\/index.php?rest_route=\/wp\/v2\/types\/page"}],"author":[{"embeddable":true,"href":"https:\/\/bluebird-design.de\/index.php?rest_route=\/wp\/v2\/users\/1"}],"replies":[{"embeddable":true,"href":"https:\/\/bluebird-design.de\/index.php?rest_route=%2Fwp%2Fv2%2Fcomments&post=353"}],"version-history":[{"count":6,"href":"https:\/\/bluebird-design.de\/index.php?rest_route=\/wp\/v2\/pages\/353\/revisions"}],"predecessor-version":[{"id":390,"href":"https:\/\/bluebird-design.de\/index.php?rest_route=\/wp\/v2\/pages\/353\/revisions\/390"}],"wp:attachment":[{"href":"https:\/\/bluebird-design.de\/index.php?rest_route=%2Fwp%2Fv2%2Fmedia&parent=353"}],"curies":[{"name":"wp","href":"https:\/\/api.w.org\/{rel}","templated":true}]}}